{"id":220,"date":"2020-02-25T15:30:00","date_gmt":"2020-02-25T15:30:00","guid":{"rendered":"http:\/\/observatoriocentroamericanodeviolencialaboral.org\/?page_id=220"},"modified":"2020-08-13T19:08:45","modified_gmt":"2020-08-14T01:08:45","slug":"salario-hn","status":"publish","type":"page","link":"https:\/\/observatoriocentroamericanodeviolencialaboral.org\/index.php\/salario-hn\/","title":{"rendered":"Brecha salarial HN"},"content":{"rendered":"\t\t<div data-elementor-type=\"wp-page\" data-elementor-id=\"220\" class=\"elementor elementor-220\" data-elementor-post-type=\"page\">\n\t\t\t\t\t\t<section class=\"elementor-section elementor-top-section elementor-element elementor-element-b80d9b3 elementor-section-boxed elementor-section-height-default elementor-section-height-default\" data-id=\"b80d9b3\" data-element_type=\"section\" data-e-type=\"section\">\n\t\t\t\t\t\t<div class=\"elementor-container elementor-column-gap-default\">\n\t\t\t\t\t<div class=\"elementor-column elementor-col-100 elementor-top-column elementor-element elementor-element-4b4513a\" data-id=\"4b4513a\" data-element_type=\"column\" data-e-type=\"column\">\n\t\t\t<div class=\"elementor-widget-wrap elementor-element-populated\">\n\t\t\t\t\t\t<div class=\"elementor-element elementor-element-34a41b8 elementor-grid-1 elementor-grid-tablet-2 elementor-grid-mobile-1 elementor-posts--thumbnail-top elementor-widget elementor-widget-posts\" data-id=\"34a41b8\" data-element_type=\"widget\" data-e-type=\"widget\" data-settings=\"{&quot;classic_columns&quot;:&quot;1&quot;,&quot;classic_columns_tablet&quot;:&quot;2&quot;,&quot;classic_columns_mobile&quot;:&quot;1&quot;,&quot;classic_row_gap&quot;:{&quot;unit&quot;:&quot;px&quot;,&quot;size&quot;:35,&quot;sizes&quot;:[]},&quot;classic_row_gap_tablet&quot;:{&quot;unit&quot;:&quot;px&quot;,&quot;size&quot;:&quot;&quot;,&quot;sizes&quot;:[]},&quot;classic_row_gap_mobile&quot;:{&quot;unit&quot;:&quot;px&quot;,&quot;size&quot;:&quot;&quot;,&quot;sizes&quot;:[]}}\" data-widget_type=\"posts.classic\">\n\t\t\t\t<div class=\"elementor-widget-container\">\n\t\t\t\t\t\t\t<div class=\"elementor-posts-container elementor-posts elementor-posts--skin-classic elementor-grid\" role=\"list\">\n\t\t\t\t<article class=\"elementor-post elementor-grid-item post-2107 post type-post status-publish format-standard has-post-thumbnail hentry category-honduras-salario category-salario entry has-media\" role=\"listitem\">\n\t\t\t\t<a class=\"elementor-post__thumbnail__link\" href=\"https:\/\/observatoriocentroamericanodeviolencialaboral.org\/index.php\/2021\/09\/10\/las-brechas-salariales-entre-mujeres-y-hombres-son-expresion-de-discriminacion\/\" tabindex=\"-1\" >\n\t\t\t<div class=\"elementor-post__thumbnail\"><img fetchpriority=\"high\" decoding=\"async\" width=\"224\" height=\"300\" src=\"https:\/\/observatoriocentroamericanodeviolencialaboral.org\/wp-content\/uploads\/2021\/09\/brecha-salarial-224x300.png\" class=\"attachment-medium size-medium wp-image-2109\" alt=\"\" srcset=\"https:\/\/observatoriocentroamericanodeviolencialaboral.org\/wp-content\/uploads\/2021\/09\/brecha-salarial-224x300.png 224w, https:\/\/observatoriocentroamericanodeviolencialaboral.org\/wp-content\/uploads\/2021\/09\/brecha-salarial.png 350w\" sizes=\"(max-width: 224px) 100vw, 224px\" \/><\/div>\n\t\t<\/a>\n\t\t\t\t<div class=\"elementor-post__text\">\n\t\t\t\t<h3 class=\"elementor-post__title\">\n\t\t\t<a href=\"https:\/\/observatoriocentroamericanodeviolencialaboral.org\/index.php\/2021\/09\/10\/las-brechas-salariales-entre-mujeres-y-hombres-son-expresion-de-discriminacion\/\" >\n\t\t\t\tLas brechas salariales entre mujeres y hombres son expresi\u00f3n de discriminaci\u00f3n\t\t\t<\/a>\n\t\t<\/h3>\n\t\t\t\t<div class=\"elementor-post__meta-data\">\n\t\t\t\t\t<span class=\"elementor-post-date\">\n\t\t\t10 septiembre, 2021\t\t<\/span>\n\t\t\t\t<\/div>\n\t\t\t\t<div class=\"elementor-post__excerpt\">\n\t\t\t<p>Las brechas de g\u00e9nero persisten a la fecha, a pesar de los esfuerzos para erradicar las desigualdades que afectan a las mujeres; existen distintas instituciones nacionales e<br \/>\ninternacionales que generan conciencia y llamar a terminar con la discriminaci\u00f3n femenina,<br \/>\nya que al disminuir esta brecha se generar\u00e1 un mayor progreso global<\/p>\n\t\t<\/div>\n\t\t\n\t\t<a class=\"elementor-post__read-more\" href=\"https:\/\/observatoriocentroamericanodeviolencialaboral.org\/index.php\/2021\/09\/10\/las-brechas-salariales-entre-mujeres-y-hombres-son-expresion-de-discriminacion\/\" aria-label=\"M\u00e1s informaci\u00f3n sobre Las brechas salariales entre mujeres y hombres son expresi\u00f3n de discriminaci\u00f3n\" tabindex=\"-1\" >\n\t\t\tLeer mas \u00bb\t\t<\/a>\n\n\t\t\t\t<\/div>\n\t\t\t\t<\/article>\n\t\t\t\t<article class=\"elementor-post elementor-grid-item post-1269 post type-post status-publish format-standard has-post-thumbnail hentry category-honduras-salario category-salario entry has-media\" role=\"listitem\">\n\t\t\t\t<a class=\"elementor-post__thumbnail__link\" href=\"https:\/\/observatoriocentroamericanodeviolencialaboral.org\/index.php\/2020\/07\/16\/brecha-salarial-en-honduras\/\" tabindex=\"-1\" >\n\t\t\t<div class=\"elementor-post__thumbnail\"><img decoding=\"async\" width=\"249\" height=\"300\" src=\"https:\/\/observatoriocentroamericanodeviolencialaboral.org\/wp-content\/uploads\/2020\/07\/brcha-salarial-honduras-249x300.png\" class=\"attachment-medium size-medium wp-image-1765\" alt=\"\" srcset=\"https:\/\/observatoriocentroamericanodeviolencialaboral.org\/wp-content\/uploads\/2020\/07\/brcha-salarial-honduras-249x300.png 249w, https:\/\/observatoriocentroamericanodeviolencialaboral.org\/wp-content\/uploads\/2020\/07\/brcha-salarial-honduras.png 424w\" sizes=\"(max-width: 249px) 100vw, 249px\" \/><\/div>\n\t\t<\/a>\n\t\t\t\t<div class=\"elementor-post__text\">\n\t\t\t\t<h3 class=\"elementor-post__title\">\n\t\t\t<a href=\"https:\/\/observatoriocentroamericanodeviolencialaboral.org\/index.php\/2020\/07\/16\/brecha-salarial-en-honduras\/\" >\n\t\t\t\tBrecha salarial en Honduras\t\t\t<\/a>\n\t\t<\/h3>\n\t\t\t\t<div class=\"elementor-post__meta-data\">\n\t\t\t\t\t<span class=\"elementor-post-date\">\n\t\t\t16 julio, 2020\t\t<\/span>\n\t\t\t\t<\/div>\n\t\t\t\t<div class=\"elementor-post__excerpt\">\n\t\t\t<p>La Encuesta de Hogares Permanente de Prop\u00f3sitos M\u00faltiples (EHP del Instituto Nacional de Estad\u00edstica de Hondura<\/p>\n\t\t<\/div>\n\t\t\n\t\t<a class=\"elementor-post__read-more\" href=\"https:\/\/observatoriocentroamericanodeviolencialaboral.org\/index.php\/2020\/07\/16\/brecha-salarial-en-honduras\/\" aria-label=\"M\u00e1s informaci\u00f3n sobre Brecha salarial en Honduras\" tabindex=\"-1\" >\n\t\t\tLeer mas \u00bb\t\t<\/a>\n\n\t\t\t\t<\/div>\n\t\t\t\t<\/article>\n\t\t\t\t<\/div>\n\t\t\n\t\t\t\t\t\t<\/div>\n\t\t\t\t<\/div>\n\t\t\t\t\t<\/div>\n\t\t<\/div>\n\t\t\t\t\t<\/div>\n\t\t<\/section>\n\t\t\t\t<\/div>\n\t\t","protected":false},"excerpt":{"rendered":"","protected":false},"author":1,"featured_media":0,"parent":0,"menu_order":0,"comment_status":"closed","ping_status":"closed","template":"","meta":{"_crdt_document":"","ocean_post_layout":"right-sidebar","ocean_both_sidebars_style":"","ocean_both_sidebars_content_width":0,"ocean_both_sidebars_sidebars_width":0,"ocean_sidebar":"0","ocean_second_sidebar":"0","ocean_disable_margins":"enable","ocean_add_body_class":"","ocean_shortcode_before_top_bar":"","ocean_shortcode_after_top_bar":"","ocean_shortcode_before_header":"","ocean_shortcode_after_header":"","ocean_has_shortcode":"","ocean_shortcode_after_title":"","ocean_shortcode_before_footer_widgets":"","ocean_shortcode_after_footer_widgets":"","ocean_shortcode_before_footer_bottom":"","ocean_shortcode_after_footer_bottom":"","ocean_display_top_bar":"default","ocean_display_header":"default","ocean_header_style":"","ocean_center_header_left_menu":"0","ocean_custom_header_template":"0","ocean_custom_logo":0,"ocean_custom_retina_logo":0,"ocean_custom_logo_max_width":0,"ocean_custom_logo_tablet_max_width":0,"ocean_custom_logo_mobile_max_width":0,"ocean_custom_logo_max_height":0,"ocean_custom_logo_tablet_max_height":0,"ocean_custom_logo_mobile_max_height":0,"ocean_header_custom_menu":"0","ocean_menu_typo_font_family":"0","ocean_menu_typo_font_subset":"","ocean_menu_typo_font_size":0,"ocean_menu_typo_font_size_tablet":0,"ocean_menu_typo_font_size_mobile":0,"ocean_menu_typo_font_size_unit":"px","ocean_menu_typo_font_weight":"","ocean_menu_typo_font_weight_tablet":"","ocean_menu_typo_font_weight_mobile":"","ocean_menu_typo_transform":"","ocean_menu_typo_transform_tablet":"","ocean_menu_typo_transform_mobile":"","ocean_menu_typo_line_height":0,"ocean_menu_typo_line_height_tablet":0,"ocean_menu_typo_line_height_mobile":0,"ocean_menu_typo_line_height_unit":"","ocean_menu_typo_spacing":0,"ocean_menu_typo_spacing_tablet":0,"ocean_menu_typo_spacing_mobile":0,"ocean_menu_typo_spacing_unit":"","ocean_menu_link_color":"","ocean_menu_link_color_hover":"","ocean_menu_link_color_active":"","ocean_menu_link_background":"","ocean_menu_link_hover_background":"","ocean_menu_link_active_background":"","ocean_menu_social_links_bg":"","ocean_menu_social_hover_links_bg":"","ocean_menu_social_links_color":"","ocean_menu_social_hover_links_color":"","ocean_disable_title":"default","ocean_disable_heading":"default","ocean_post_title":"","ocean_post_subheading":"","ocean_post_title_style":"","ocean_post_title_background_color":"","ocean_post_title_background":0,"ocean_post_title_bg_image_position":"","ocean_post_title_bg_image_attachment":"","ocean_post_title_bg_image_repeat":"","ocean_post_title_bg_image_size":"","ocean_post_title_height":0,"ocean_post_title_bg_overlay":0.5,"ocean_post_title_bg_overlay_color":"","ocean_disable_breadcrumbs":"default","ocean_breadcrumbs_color":"","ocean_breadcrumbs_separator_color":"","ocean_breadcrumbs_links_color":"","ocean_breadcrumbs_links_hover_color":"","ocean_display_footer_widgets":"default","ocean_display_footer_bottom":"default","ocean_custom_footer_template":"0","footnotes":""},"class_list":["post-220","page","type-page","status-publish","hentry","entry","has-media"],"_links":{"self":[{"href":"https:\/\/observatoriocentroamericanodeviolencialaboral.org\/index.php\/wp-json\/wp\/v2\/pages\/220","targetHints":{"allow":["GET"]}}],"collection":[{"href":"https:\/\/observatoriocentroamericanodeviolencialaboral.org\/index.php\/wp-json\/wp\/v2\/pages"}],"about":[{"href":"https:\/\/observatoriocentroamericanodeviolencialaboral.org\/index.php\/wp-json\/wp\/v2\/types\/page"}],"author":[{"embeddable":true,"href":"https:\/\/observatoriocentroamericanodeviolencialaboral.org\/index.php\/wp-json\/wp\/v2\/users\/1"}],"replies":[{"embeddable":true,"href":"https:\/\/observatoriocentroamericanodeviolencialaboral.org\/index.php\/wp-json\/wp\/v2\/comments?post=220"}],"version-history":[{"count":4,"href":"https:\/\/observatoriocentroamericanodeviolencialaboral.org\/index.php\/wp-json\/wp\/v2\/pages\/220\/revisions"}],"predecessor-version":[{"id":1348,"href":"https:\/\/observatoriocentroamericanodeviolencialaboral.org\/index.php\/wp-json\/wp\/v2\/pages\/220\/revisions\/1348"}],"wp:attachment":[{"href":"https:\/\/observatoriocentroamericanodeviolencialaboral.org\/index.php\/wp-json\/wp\/v2\/media?parent=220"}],"curies":[{"name":"wp","href":"https:\/\/api.w.org\/{rel}","templated":true}]}}

<div data-elementor-type="wp-page" data-elementor-id="220" class="elementor elementor-220" data-elementor-post-type="page">
						<section class="elementor-section elementor-top-section elementor-element elementor-element-b80d9b3 elementor-section-boxed elementor-section-height-default elementor-section-height-default" data-id="b80d9b3" data-element_type="section" data-e-type="section">
						<div class="elementor-container elementor-column-gap-default">
					<div class="elementor-column elementor-col-100 elementor-top-column elementor-element elementor-element-4b4513a" data-id="4b4513a" data-element_type="column" data-e-type="column">
			<div class="elementor-widget-wrap elementor-element-populated">
						<div class="elementor-element elementor-element-34a41b8 elementor-grid-1 elementor-grid-tablet-2 elementor-grid-mobile-1 elementor-posts--thumbnail-top elementor-widget elementor-widget-posts" data-id="34a41b8" data-element_type="widget" data-e-type="widget" data-settings="{&quot;classic_columns&quot;:&quot;1&quot;,&quot;classic_columns_tablet&quot;:&quot;2&quot;,&quot;classic_columns_mobile&quot;:&quot;1&quot;,&quot;classic_row_gap&quot;:{&quot;unit&quot;:&quot;px&quot;,&quot;size&quot;:35,&quot;sizes&quot;:[]},&quot;classic_row_gap_tablet&quot;:{&quot;unit&quot;:&quot;px&quot;,&quot;size&quot;:&quot;&quot;,&quot;sizes&quot;:[]},&quot;classic_row_gap_mobile&quot;:{&quot;unit&quot;:&quot;px&quot;,&quot;size&quot;:&quot;&quot;,&quot;sizes&quot;:[]}}" data-widget_type="posts.classic">
				<div class="elementor-widget-container">
							<div class="elementor-posts-container elementor-posts elementor-posts--skin-classic elementor-grid" role="list">
				<article class="elementor-post elementor-grid-item post-2107 post type-post status-publish format-standard has-post-thumbnail hentry category-honduras-salario category-salario entry has-media" role="listitem">
				<a class="elementor-post__thumbnail__link" href="https://observatoriocentroamericanodeviolencialaboral.org/index.php/2021/09/10/las-brechas-salariales-entre-mujeres-y-hombres-son-expresion-de-discriminacion/" tabindex="-1" >
			<div class="elementor-post__thumbnail"><img fetchpriority="high" decoding="async" width="224" height="300" src="https://observatoriocentroamericanodeviolencialaboral.org/wp-content/uploads/2021/09/brecha-salarial-224x300.png" class="attachment-medium size-medium wp-image-2109" alt="" srcset="https://observatoriocentroamericanodeviolencialaboral.org/wp-content/uploads/2021/09/brecha-salarial-224x300.png 224w, https://observatoriocentroamericanodeviolencialaboral.org/wp-content/uploads/2021/09/brecha-salarial.png 350w" sizes="(max-width: 224px) 100vw, 224px" /></div>
		</a>
				<div class="elementor-post__text">
				<h3 class="elementor-post__title">
			<a href="https://observatoriocentroamericanodeviolencialaboral.org/index.php/2021/09/10/las-brechas-salariales-entre-mujeres-y-hombres-son-expresion-de-discriminacion/" >
				Las brechas salariales entre mujeres y hombres son expresión de discriminación			</a>
		</h3>
				<div class="elementor-post__meta-data">
					<span class="elementor-post-date">
			10 septiembre, 2021		</span>
				</div>
				<div class="elementor-post__excerpt">
			<p>Las brechas de género persisten a la fecha, a pesar de los esfuerzos para erradicar las desigualdades que afectan a las mujeres; existen distintas instituciones nacionales e<br />
internacionales que generan conciencia y llamar a terminar con la discriminación femenina,<br />
ya que al disminuir esta brecha se generará un mayor progreso global</p>
		</div>
		
		<a class="elementor-post__read-more" href="https://observatoriocentroamericanodeviolencialaboral.org/index.php/2021/09/10/las-brechas-salariales-entre-mujeres-y-hombres-son-expresion-de-discriminacion/" aria-label="Más información sobre Las brechas salariales entre mujeres y hombres son expresión de discriminación" tabindex="-1" >
			Leer mas »		</a>

				</div>
				</article>
				<article class="elementor-post elementor-grid-item post-1269 post type-post status-publish format-standard has-post-thumbnail hentry category-honduras-salario category-salario entry has-media" role="listitem">
				<a class="elementor-post__thumbnail__link" href="https://observatoriocentroamericanodeviolencialaboral.org/index.php/2020/07/16/brecha-salarial-en-honduras/" tabindex="-1" >
			<div class="elementor-post__thumbnail"><img decoding="async" width="249" height="300" src="https://observatoriocentroamericanodeviolencialaboral.org/wp-content/uploads/2020/07/brcha-salarial-honduras-249x300.png" class="attachment-medium size-medium wp-image-1765" alt="" srcset="https://observatoriocentroamericanodeviolencialaboral.org/wp-content/uploads/2020/07/brcha-salarial-honduras-249x300.png 249w, https://observatoriocentroamericanodeviolencialaboral.org/wp-content/uploads/2020/07/brcha-salarial-honduras.png 424w" sizes="(max-width: 249px) 100vw, 249px" /></div>
		</a>
				<div class="elementor-post__text">
				<h3 class="elementor-post__title">
			<a href="https://observatoriocentroamericanodeviolencialaboral.org/index.php/2020/07/16/brecha-salarial-en-honduras/" >
				Brecha salarial en Honduras			</a>
		</h3>
				<div class="elementor-post__meta-data">
					<span class="elementor-post-date">
			16 julio, 2020		</span>
				</div>
				<div class="elementor-post__excerpt">
			<p>La Encuesta de Hogares Permanente de Propósitos Múltiples (EHP del Instituto Nacional de Estadística de Hondura</p>
		</div>
		
		<a class="elementor-post__read-more" href="https://observatoriocentroamericanodeviolencialaboral.org/index.php/2020/07/16/brecha-salarial-en-honduras/" aria-label="Más información sobre Brecha salarial en Honduras" tabindex="-1" >
			Leer mas »		</a>

				</div>
				</article>
				</div>
		
						</div>
				</div>
					</div>
		</div>
					</div>
		</section>
				</div>
