{"id":258,"date":"2020-02-25T15:45:30","date_gmt":"2020-02-25T15:45:30","guid":{"rendered":"http:\/\/observatoriocentroamericanodeviolencialaboral.org\/?page_id=258"},"modified":"2020-08-13T19:08:56","modified_gmt":"2020-08-14T01:08:56","slug":"salario-nic","status":"publish","type":"page","link":"https:\/\/observatoriocentroamericanodeviolencialaboral.org\/index.php\/salario-nic\/","title":{"rendered":"Brecha salarial NIC"},"content":{"rendered":"\t\t<div data-elementor-type=\"wp-page\" data-elementor-id=\"258\" class=\"elementor elementor-258\" data-elementor-post-type=\"page\">\n\t\t\t\t\t\t<section class=\"elementor-section elementor-top-section elementor-element elementor-element-c8d9483 elementor-section-boxed elementor-section-height-default elementor-section-height-default\" data-id=\"c8d9483\" data-element_type=\"section\" data-e-type=\"section\">\n\t\t\t\t\t\t<div class=\"elementor-container elementor-column-gap-default\">\n\t\t\t\t\t<div class=\"elementor-column elementor-col-100 elementor-top-column elementor-element elementor-element-88de5b2\" data-id=\"88de5b2\" data-element_type=\"column\" data-e-type=\"column\">\n\t\t\t<div class=\"elementor-widget-wrap elementor-element-populated\">\n\t\t\t\t\t\t<div class=\"elementor-element elementor-element-9391d1a elementor-grid-1 elementor-grid-tablet-2 elementor-grid-mobile-1 elementor-posts--thumbnail-top elementor-widget elementor-widget-posts\" data-id=\"9391d1a\" data-element_type=\"widget\" data-e-type=\"widget\" data-settings=\"{&quot;classic_columns&quot;:&quot;1&quot;,&quot;classic_columns_tablet&quot;:&quot;2&quot;,&quot;classic_columns_mobile&quot;:&quot;1&quot;,&quot;classic_row_gap&quot;:{&quot;unit&quot;:&quot;px&quot;,&quot;size&quot;:35,&quot;sizes&quot;:[]},&quot;classic_row_gap_tablet&quot;:{&quot;unit&quot;:&quot;px&quot;,&quot;size&quot;:&quot;&quot;,&quot;sizes&quot;:[]},&quot;classic_row_gap_mobile&quot;:{&quot;unit&quot;:&quot;px&quot;,&quot;size&quot;:&quot;&quot;,&quot;sizes&quot;:[]}}\" data-widget_type=\"posts.classic\">\n\t\t\t\t<div class=\"elementor-widget-container\">\n\t\t\t\t\t\t\t<div class=\"elementor-posts-container elementor-posts elementor-posts--skin-classic elementor-grid\" role=\"list\">\n\t\t\t\t<article class=\"elementor-post elementor-grid-item post-2426 post type-post status-publish format-standard has-post-thumbnail hentry category-nicaragua-salario category-salario entry has-media\" role=\"listitem\">\n\t\t\t\t<a class=\"elementor-post__thumbnail__link\" href=\"https:\/\/observatoriocentroamericanodeviolencialaboral.org\/index.php\/2022\/05\/09\/brecha-salarial-de-genero-se-mantiene-en-nicaragua\/\" tabindex=\"-1\" >\n\t\t\t<div class=\"elementor-post__thumbnail\"><img fetchpriority=\"high\" decoding=\"async\" width=\"225\" height=\"300\" src=\"https:\/\/observatoriocentroamericanodeviolencialaboral.org\/wp-content\/uploads\/2022\/05\/brecha-salaria-225x300.png\" class=\"attachment-medium size-medium wp-image-2428\" alt=\"\" srcset=\"https:\/\/observatoriocentroamericanodeviolencialaboral.org\/wp-content\/uploads\/2022\/05\/brecha-salaria-225x300.png 225w, https:\/\/observatoriocentroamericanodeviolencialaboral.org\/wp-content\/uploads\/2022\/05\/brecha-salaria.png 377w\" sizes=\"(max-width: 225px) 100vw, 225px\" \/><\/div>\n\t\t<\/a>\n\t\t\t\t<div class=\"elementor-post__text\">\n\t\t\t\t<h3 class=\"elementor-post__title\">\n\t\t\t<a href=\"https:\/\/observatoriocentroamericanodeviolencialaboral.org\/index.php\/2022\/05\/09\/brecha-salarial-de-genero-se-mantiene-en-nicaragua\/\" >\n\t\t\t\tBrecha salarial de g\u00e9nero se mantiene en Nicaragua\t\t\t<\/a>\n\t\t<\/h3>\n\t\t\t\t<div class=\"elementor-post__meta-data\">\n\t\t\t\t\t<span class=\"elementor-post-date\">\n\t\t\t9 mayo, 2022\t\t<\/span>\n\t\t\t\t<\/div>\n\t\t\t\t<div class=\"elementor-post__excerpt\">\n\t\t\t\t\t<\/div>\n\t\t\n\t\t<a class=\"elementor-post__read-more\" href=\"https:\/\/observatoriocentroamericanodeviolencialaboral.org\/index.php\/2022\/05\/09\/brecha-salarial-de-genero-se-mantiene-en-nicaragua\/\" aria-label=\"M\u00e1s informaci\u00f3n sobre Brecha salarial de g\u00e9nero se mantiene en Nicaragua\" tabindex=\"-1\" >\n\t\t\tLeer mas \u00bb\t\t<\/a>\n\n\t\t\t\t<\/div>\n\t\t\t\t<\/article>\n\t\t\t\t<article class=\"elementor-post elementor-grid-item post-1242 post type-post status-publish format-standard has-post-thumbnail hentry category-nicaragua-salario category-salario entry has-media\" role=\"listitem\">\n\t\t\t\t<a class=\"elementor-post__thumbnail__link\" href=\"https:\/\/observatoriocentroamericanodeviolencialaboral.org\/index.php\/2020\/07\/16\/brecha-salarial-en-nicaragua\/\" tabindex=\"-1\" >\n\t\t\t<div class=\"elementor-post__thumbnail\"><img decoding=\"async\" width=\"225\" height=\"300\" src=\"https:\/\/observatoriocentroamericanodeviolencialaboral.org\/wp-content\/uploads\/2020\/07\/brcha-salarial-nicaragua-2-225x300.png\" class=\"attachment-medium size-medium wp-image-1773\" alt=\"\" srcset=\"https:\/\/observatoriocentroamericanodeviolencialaboral.org\/wp-content\/uploads\/2020\/07\/brcha-salarial-nicaragua-2-225x300.png 225w, https:\/\/observatoriocentroamericanodeviolencialaboral.org\/wp-content\/uploads\/2020\/07\/brcha-salarial-nicaragua-2.png 408w\" sizes=\"(max-width: 225px) 100vw, 225px\" \/><\/div>\n\t\t<\/a>\n\t\t\t\t<div class=\"elementor-post__text\">\n\t\t\t\t<h3 class=\"elementor-post__title\">\n\t\t\t<a href=\"https:\/\/observatoriocentroamericanodeviolencialaboral.org\/index.php\/2020\/07\/16\/brecha-salarial-en-nicaragua\/\" >\n\t\t\t\tBrecha salarial en Nicaragua\t\t\t<\/a>\n\t\t<\/h3>\n\t\t\t\t<div class=\"elementor-post__meta-data\">\n\t\t\t\t\t<span class=\"elementor-post-date\">\n\t\t\t16 julio, 2020\t\t<\/span>\n\t\t\t\t<\/div>\n\t\t\t\t<div class=\"elementor-post__excerpt\">\n\t\t\t<p>La Organizaci\u00f3n Internacional del Trabajo (OIT), destaca que la medici\u00f3n de las brechas de<br \/>\ningresos entre mujeres y hombres obedece a pagos de salarios<\/p>\n\t\t<\/div>\n\t\t\n\t\t<a class=\"elementor-post__read-more\" href=\"https:\/\/observatoriocentroamericanodeviolencialaboral.org\/index.php\/2020\/07\/16\/brecha-salarial-en-nicaragua\/\" aria-label=\"M\u00e1s informaci\u00f3n sobre Brecha salarial en Nicaragua\" tabindex=\"-1\" >\n\t\t\tLeer mas \u00bb\t\t<\/a>\n\n\t\t\t\t<\/div>\n\t\t\t\t<\/article>\n\t\t\t\t<article class=\"elementor-post elementor-grid-item post-1135 post type-post status-publish format-standard has-post-thumbnail hentry category-nicaragua-salario category-salario entry has-media\" role=\"listitem\">\n\t\t\t\t<a class=\"elementor-post__thumbnail__link\" href=\"https:\/\/observatoriocentroamericanodeviolencialaboral.org\/index.php\/2020\/07\/15\/condiciones-laborales-de-trabajadoras-de-maquilas-en-nicaragua-2\/\" tabindex=\"-1\" >\n\t\t\t<div class=\"elementor-post__thumbnail\"><img decoding=\"async\" width=\"229\" height=\"300\" src=\"https:\/\/observatoriocentroamericanodeviolencialaboral.org\/wp-content\/uploads\/2020\/07\/brcha-salarial-nicaragua-1-229x300.png\" class=\"attachment-medium size-medium wp-image-1771\" alt=\"\" srcset=\"https:\/\/observatoriocentroamericanodeviolencialaboral.org\/wp-content\/uploads\/2020\/07\/brcha-salarial-nicaragua-1-229x300.png 229w, https:\/\/observatoriocentroamericanodeviolencialaboral.org\/wp-content\/uploads\/2020\/07\/brcha-salarial-nicaragua-1.png 410w\" sizes=\"(max-width: 229px) 100vw, 229px\" \/><\/div>\n\t\t<\/a>\n\t\t\t\t<div class=\"elementor-post__text\">\n\t\t\t\t<h3 class=\"elementor-post__title\">\n\t\t\t<a href=\"https:\/\/observatoriocentroamericanodeviolencialaboral.org\/index.php\/2020\/07\/15\/condiciones-laborales-de-trabajadoras-de-maquilas-en-nicaragua-2\/\" >\n\t\t\t\tCondiciones laborales de trabajadoras de maquilas en Nicaragua\t\t\t<\/a>\n\t\t<\/h3>\n\t\t\t\t<div class=\"elementor-post__meta-data\">\n\t\t\t\t\t<span class=\"elementor-post-date\">\n\t\t\t15 julio, 2020\t\t<\/span>\n\t\t\t\t<\/div>\n\t\t\t\t<div class=\"elementor-post__excerpt\">\n\t\t\t<p>Seg\u00fan estudios realizados por organizaciones de mujeres en Nicaragua<\/p>\n\t\t<\/div>\n\t\t\n\t\t<a class=\"elementor-post__read-more\" href=\"https:\/\/observatoriocentroamericanodeviolencialaboral.org\/index.php\/2020\/07\/15\/condiciones-laborales-de-trabajadoras-de-maquilas-en-nicaragua-2\/\" aria-label=\"M\u00e1s informaci\u00f3n sobre Condiciones laborales de trabajadoras de maquilas en Nicaragua\" tabindex=\"-1\" >\n\t\t\tLeer mas \u00bb\t\t<\/a>\n\n\t\t\t\t<\/div>\n\t\t\t\t<\/article>\n\t\t\t\t<\/div>\n\t\t\n\t\t\t\t\t\t<\/div>\n\t\t\t\t<\/div>\n\t\t\t\t\t<\/div>\n\t\t<\/div>\n\t\t\t\t\t<\/div>\n\t\t<\/section>\n\t\t\t\t<\/div>\n\t\t","protected":false},"excerpt":{"rendered":"","protected":false},"author":1,"featured_media":0,"parent":0,"menu_order":0,"comment_status":"closed","ping_status":"closed","template":"","meta":{"_crdt_document":"","ocean_post_layout":"right-sidebar","ocean_both_sidebars_style":"","ocean_both_sidebars_content_width":0,"ocean_both_sidebars_sidebars_width":0,"ocean_sidebar":"0","ocean_second_sidebar":"0","ocean_disable_margins":"enable","ocean_add_body_class":"","ocean_shortcode_before_top_bar":"","ocean_shortcode_after_top_bar":"","ocean_shortcode_before_header":"","ocean_shortcode_after_header":"","ocean_has_shortcode":"","ocean_shortcode_after_title":"","ocean_shortcode_before_footer_widgets":"","ocean_shortcode_after_footer_widgets":"","ocean_shortcode_before_footer_bottom":"","ocean_shortcode_after_footer_bottom":"","ocean_display_top_bar":"default","ocean_display_header":"default","ocean_header_style":"","ocean_center_header_left_menu":"0","ocean_custom_header_template":"0","ocean_custom_logo":0,"ocean_custom_retina_logo":0,"ocean_custom_logo_max_width":0,"ocean_custom_logo_tablet_max_width":0,"ocean_custom_logo_mobile_max_width":0,"ocean_custom_logo_max_height":0,"ocean_custom_logo_tablet_max_height":0,"ocean_custom_logo_mobile_max_height":0,"ocean_header_custom_menu":"0","ocean_menu_typo_font_family":"0","ocean_menu_typo_font_subset":"","ocean_menu_typo_font_size":0,"ocean_menu_typo_font_size_tablet":0,"ocean_menu_typo_font_size_mobile":0,"ocean_menu_typo_font_size_unit":"px","ocean_menu_typo_font_weight":"","ocean_menu_typo_font_weight_tablet":"","ocean_menu_typo_font_weight_mobile":"","ocean_menu_typo_transform":"","ocean_menu_typo_transform_tablet":"","ocean_menu_typo_transform_mobile":"","ocean_menu_typo_line_height":0,"ocean_menu_typo_line_height_tablet":0,"ocean_menu_typo_line_height_mobile":0,"ocean_menu_typo_line_height_unit":"","ocean_menu_typo_spacing":0,"ocean_menu_typo_spacing_tablet":0,"ocean_menu_typo_spacing_mobile":0,"ocean_menu_typo_spacing_unit":"","ocean_menu_link_color":"","ocean_menu_link_color_hover":"","ocean_menu_link_color_active":"","ocean_menu_link_background":"","ocean_menu_link_hover_background":"","ocean_menu_link_active_background":"","ocean_menu_social_links_bg":"","ocean_menu_social_hover_links_bg":"","ocean_menu_social_links_color":"","ocean_menu_social_hover_links_color":"","ocean_disable_title":"default","ocean_disable_heading":"default","ocean_post_title":"","ocean_post_subheading":"","ocean_post_title_style":"","ocean_post_title_background_color":"","ocean_post_title_background":0,"ocean_post_title_bg_image_position":"","ocean_post_title_bg_image_attachment":"","ocean_post_title_bg_image_repeat":"","ocean_post_title_bg_image_size":"","ocean_post_title_height":0,"ocean_post_title_bg_overlay":0.5,"ocean_post_title_bg_overlay_color":"","ocean_disable_breadcrumbs":"default","ocean_breadcrumbs_color":"","ocean_breadcrumbs_separator_color":"","ocean_breadcrumbs_links_color":"","ocean_breadcrumbs_links_hover_color":"","ocean_display_footer_widgets":"default","ocean_display_footer_bottom":"default","ocean_custom_footer_template":"0","footnotes":""},"class_list":["post-258","page","type-page","status-publish","hentry","entry","has-media"],"_links":{"self":[{"href":"https:\/\/observatoriocentroamericanodeviolencialaboral.org\/index.php\/wp-json\/wp\/v2\/pages\/258","targetHints":{"allow":["GET"]}}],"collection":[{"href":"https:\/\/observatoriocentroamericanodeviolencialaboral.org\/index.php\/wp-json\/wp\/v2\/pages"}],"about":[{"href":"https:\/\/observatoriocentroamericanodeviolencialaboral.org\/index.php\/wp-json\/wp\/v2\/types\/page"}],"author":[{"embeddable":true,"href":"https:\/\/observatoriocentroamericanodeviolencialaboral.org\/index.php\/wp-json\/wp\/v2\/users\/1"}],"replies":[{"embeddable":true,"href":"https:\/\/observatoriocentroamericanodeviolencialaboral.org\/index.php\/wp-json\/wp\/v2\/comments?post=258"}],"version-history":[{"count":4,"href":"https:\/\/observatoriocentroamericanodeviolencialaboral.org\/index.php\/wp-json\/wp\/v2\/pages\/258\/revisions"}],"predecessor-version":[{"id":1349,"href":"https:\/\/observatoriocentroamericanodeviolencialaboral.org\/index.php\/wp-json\/wp\/v2\/pages\/258\/revisions\/1349"}],"wp:attachment":[{"href":"https:\/\/observatoriocentroamericanodeviolencialaboral.org\/index.php\/wp-json\/wp\/v2\/media?parent=258"}],"curies":[{"name":"wp","href":"https:\/\/api.w.org\/{rel}","templated":true}]}}

<div data-elementor-type="wp-page" data-elementor-id="258" class="elementor elementor-258" data-elementor-post-type="page">
						<section class="elementor-section elementor-top-section elementor-element elementor-element-c8d9483 elementor-section-boxed elementor-section-height-default elementor-section-height-default" data-id="c8d9483" data-element_type="section" data-e-type="section">
						<div class="elementor-container elementor-column-gap-default">
					<div class="elementor-column elementor-col-100 elementor-top-column elementor-element elementor-element-88de5b2" data-id="88de5b2" data-element_type="column" data-e-type="column">
			<div class="elementor-widget-wrap elementor-element-populated">
						<div class="elementor-element elementor-element-9391d1a elementor-grid-1 elementor-grid-tablet-2 elementor-grid-mobile-1 elementor-posts--thumbnail-top elementor-widget elementor-widget-posts" data-id="9391d1a" data-element_type="widget" data-e-type="widget" data-settings="{&quot;classic_columns&quot;:&quot;1&quot;,&quot;classic_columns_tablet&quot;:&quot;2&quot;,&quot;classic_columns_mobile&quot;:&quot;1&quot;,&quot;classic_row_gap&quot;:{&quot;unit&quot;:&quot;px&quot;,&quot;size&quot;:35,&quot;sizes&quot;:[]},&quot;classic_row_gap_tablet&quot;:{&quot;unit&quot;:&quot;px&quot;,&quot;size&quot;:&quot;&quot;,&quot;sizes&quot;:[]},&quot;classic_row_gap_mobile&quot;:{&quot;unit&quot;:&quot;px&quot;,&quot;size&quot;:&quot;&quot;,&quot;sizes&quot;:[]}}" data-widget_type="posts.classic">
				<div class="elementor-widget-container">
							<div class="elementor-posts-container elementor-posts elementor-posts--skin-classic elementor-grid" role="list">
				<article class="elementor-post elementor-grid-item post-2426 post type-post status-publish format-standard has-post-thumbnail hentry category-nicaragua-salario category-salario entry has-media" role="listitem">
				<a class="elementor-post__thumbnail__link" href="https://observatoriocentroamericanodeviolencialaboral.org/index.php/2022/05/09/brecha-salarial-de-genero-se-mantiene-en-nicaragua/" tabindex="-1" >
			<div class="elementor-post__thumbnail"><img fetchpriority="high" decoding="async" width="225" height="300" src="https://observatoriocentroamericanodeviolencialaboral.org/wp-content/uploads/2022/05/brecha-salaria-225x300.png" class="attachment-medium size-medium wp-image-2428" alt="" srcset="https://observatoriocentroamericanodeviolencialaboral.org/wp-content/uploads/2022/05/brecha-salaria-225x300.png 225w, https://observatoriocentroamericanodeviolencialaboral.org/wp-content/uploads/2022/05/brecha-salaria.png 377w" sizes="(max-width: 225px) 100vw, 225px" /></div>
		</a>
				<div class="elementor-post__text">
				<h3 class="elementor-post__title">
			<a href="https://observatoriocentroamericanodeviolencialaboral.org/index.php/2022/05/09/brecha-salarial-de-genero-se-mantiene-en-nicaragua/" >
				Brecha salarial de género se mantiene en Nicaragua			</a>
		</h3>
				<div class="elementor-post__meta-data">
					<span class="elementor-post-date">
			9 mayo, 2022		</span>
				</div>
				<div class="elementor-post__excerpt">
					</div>
		
		<a class="elementor-post__read-more" href="https://observatoriocentroamericanodeviolencialaboral.org/index.php/2022/05/09/brecha-salarial-de-genero-se-mantiene-en-nicaragua/" aria-label="Más información sobre Brecha salarial de género se mantiene en Nicaragua" tabindex="-1" >
			Leer mas »		</a>

				</div>
				</article>
				<article class="elementor-post elementor-grid-item post-1242 post type-post status-publish format-standard has-post-thumbnail hentry category-nicaragua-salario category-salario entry has-media" role="listitem">
				<a class="elementor-post__thumbnail__link" href="https://observatoriocentroamericanodeviolencialaboral.org/index.php/2020/07/16/brecha-salarial-en-nicaragua/" tabindex="-1" >
			<div class="elementor-post__thumbnail"><img decoding="async" width="225" height="300" src="https://observatoriocentroamericanodeviolencialaboral.org/wp-content/uploads/2020/07/brcha-salarial-nicaragua-2-225x300.png" class="attachment-medium size-medium wp-image-1773" alt="" srcset="https://observatoriocentroamericanodeviolencialaboral.org/wp-content/uploads/2020/07/brcha-salarial-nicaragua-2-225x300.png 225w, https://observatoriocentroamericanodeviolencialaboral.org/wp-content/uploads/2020/07/brcha-salarial-nicaragua-2.png 408w" sizes="(max-width: 225px) 100vw, 225px" /></div>
		</a>
				<div class="elementor-post__text">
				<h3 class="elementor-post__title">
			<a href="https://observatoriocentroamericanodeviolencialaboral.org/index.php/2020/07/16/brecha-salarial-en-nicaragua/" >
				Brecha salarial en Nicaragua			</a>
		</h3>
				<div class="elementor-post__meta-data">
					<span class="elementor-post-date">
			16 julio, 2020		</span>
				</div>
				<div class="elementor-post__excerpt">
			<p>La Organización Internacional del Trabajo (OIT), destaca que la medición de las brechas de<br />
ingresos entre mujeres y hombres obedece a pagos de salarios</p>
		</div>
		
		<a class="elementor-post__read-more" href="https://observatoriocentroamericanodeviolencialaboral.org/index.php/2020/07/16/brecha-salarial-en-nicaragua/" aria-label="Más información sobre Brecha salarial en Nicaragua" tabindex="-1" >
			Leer mas »		</a>

				</div>
				</article>
				<article class="elementor-post elementor-grid-item post-1135 post type-post status-publish format-standard has-post-thumbnail hentry category-nicaragua-salario category-salario entry has-media" role="listitem">
				<a class="elementor-post__thumbnail__link" href="https://observatoriocentroamericanodeviolencialaboral.org/index.php/2020/07/15/condiciones-laborales-de-trabajadoras-de-maquilas-en-nicaragua-2/" tabindex="-1" >
			<div class="elementor-post__thumbnail"><img decoding="async" width="229" height="300" src="https://observatoriocentroamericanodeviolencialaboral.org/wp-content/uploads/2020/07/brcha-salarial-nicaragua-1-229x300.png" class="attachment-medium size-medium wp-image-1771" alt="" srcset="https://observatoriocentroamericanodeviolencialaboral.org/wp-content/uploads/2020/07/brcha-salarial-nicaragua-1-229x300.png 229w, https://observatoriocentroamericanodeviolencialaboral.org/wp-content/uploads/2020/07/brcha-salarial-nicaragua-1.png 410w" sizes="(max-width: 229px) 100vw, 229px" /></div>
		</a>
				<div class="elementor-post__text">
				<h3 class="elementor-post__title">
			<a href="https://observatoriocentroamericanodeviolencialaboral.org/index.php/2020/07/15/condiciones-laborales-de-trabajadoras-de-maquilas-en-nicaragua-2/" >
				Condiciones laborales de trabajadoras de maquilas en Nicaragua			</a>
		</h3>
				<div class="elementor-post__meta-data">
					<span class="elementor-post-date">
			15 julio, 2020		</span>
				</div>
				<div class="elementor-post__excerpt">
			<p>Según estudios realizados por organizaciones de mujeres en Nicaragua</p>
		</div>
		
		<a class="elementor-post__read-more" href="https://observatoriocentroamericanodeviolencialaboral.org/index.php/2020/07/15/condiciones-laborales-de-trabajadoras-de-maquilas-en-nicaragua-2/" aria-label="Más información sobre Condiciones laborales de trabajadoras de maquilas en Nicaragua" tabindex="-1" >
			Leer mas »		</a>

				</div>
				</article>
				</div>
		
						</div>
				</div>
					</div>
		</div>
					</div>
		</section>
				</div>
